k = -r + t. List the prime factors of r.
2, 7
Let o(l) = 53*l**2 - 18*l - 138. What are the prime factors of o(19)?
23, 811
Let y(q) = 67*q - 1058. What are the prime factors of y(42)?
2, 439
Let q = -14964 + 36868. What are the prime factors of q?
2, 37
Suppose 0 = 44*z - 309346 + 46974. What are the prime factors of z?
67, 89
Suppose -110*t + 84 = -103*t. Suppose t*x - 11495 = x. What are the prime factors of x?
5, 11, 19
Let d(z) = 372*z**3 + 3*z**2 + z. Suppose 6 = 10*y - 4. List the prime factors of d(y).
2, 47
Suppose -10*x - 586 = 254. What are the prime factors of (-82)/(-3) - 56/x?
2, 7
Suppose -8*l + 3*l = -4*v - 6949, 4*l = v + 5568. Let f = 2398 - l. List the prime factors of f.
3, 5, 67
Let g = -281 - -285. Suppose -10*m + 3798 = -g*m. List the prime factors of m.
3, 211
Let c(x) = -17 + 6*x**2 - 24 - 2*x**3 - 7*x**2. What are the prime factors of c(-5)?
2, 23
Suppose -g = 5*o + 9, -g = o + 2 - 1. Let n = -4312 + 4308. List the prime factors of 1*(95 - o) - n.
101
Suppose 4*n + 33 = 5*p, 5*p + 5 = -5*n + 20. Let y(k) = -p + 9*k - 62 + 28*k + 8*k. What are the prime factors of y(8)?
293
Let c be 10/(-1) + 0 - -8. List the prime factors of (-51 - -44)*(-45 - (-2)/c).
2, 7, 23
Let i(f) = -16*f**3 + 16*f**2 + 37*f - 6. What are the prime factors of i(-15)?
3, 19013
Suppose -16*n = -2 - 30. Suppose -n*l = 22*l - 43872. List the prime factors of l.
2, 457
Let p(k) = 27*k**2 - 25*k - 32. Let v(u) = -13*u**2 + 13*u + 15. Let g(a) = -2*p(a) - 5*v(a). What are the prime factors of g(-6)?
5, 19
Let d(t) be the second derivative of -t**4/6 - 15*t**3/2 - 4*t**2 + 31*t. Let k(q) = -q - 1. Let y(s) = d(s) - 5*k(s). List the prime factors of y(-18).
3, 23
Let z = -2 - -45. Let s = 41 - z. Let m(p) = -7*p**3 + p**2 - p + 1. What are the prime factors of m(s)?
3, 7
Suppose -3*j - 2*h = -141, 171 + 0 = 4*j - 3*h. Suppose -j*g + 14*g + 13392 = 0. What are the prime factors of g?
2, 3
Suppose 1067 = 3*t - 3400. Suppose 2*z - 3*p - 591 = 0, 2*p - t = -5*z - 2*p. List the prime factors of z.
3, 11
Let j be 176/24*1*-3. Let c = j + 22. What are the prime factors of (c + -1)*-71 - -1?
2, 3
Suppose -6*h + 24 = -h - 4*v, 0 = -4*h + 2*v + 18. Suppose 0 = 3*i - 3*j - 1116, -h*j - 898 = -3*i + 218. Suppose -i - 168 = -4*w. List the prime factors of w.
3, 5
Let p(c) = 4*c - 34. Let s be p(9). Suppose 0 = s*u - 1 - 5. What are the prime factors of 99/1 - 2*(-4 + u)?
101
Let j be (1*(-15)/20)/(9/(-24)). Suppose 3*i + 5*a + 21 = 74, -18 = -j*i + a. What are the prime factors of i?
11
Suppose 361*m - 1211697 = 318*m. What are the prime factors of m?
3, 31, 101
Suppose 2057*f - 2048*f = 99630. List the prime factors of f.
2, 3, 5, 41
Suppose 0 = -6*v + 628 + 944. Suppose 3*n + 82 = v. What are the prime factors of n?
2, 3, 5
Let r = 4035 + 8876. List the prime factors of r.
12911
Let f = -77 + 127. Suppose -216 = -54*n + f*n. Suppose -208 - n = -z. List the prime factors of z.
2, 131
Let w be (-2)/(-9) - 296/36. Let t be ((-18)/w)/((-30)/(-80)). List the prime factors of ((-3)/9)/(t/(-3402)).
3, 7
Let k be (5 - 10)/5 - -31. List the prime factors of 106*(k/12 + -2).
53
Let g(k) = -k**2 + 11*k - 16. Let z be g(9). Suppose z*j + 4 = 10. Let p = 9 - j. List the prime factors of p.
2, 3
Suppose 542 = k - 35*t + 36*t, 4*t - 1076 = -2*k. List the prime factors of k.
2, 3, 7, 13
What are the prime factors of 1884430/65 + 120/(-520)?
53, 547
Let a(l) = -l**3 + 7*l**2 - 6*l. Suppose 2*f = -2*r + 26, 7 = -2*f + f + 3*r. Suppose 3*w - 12 + 39 = 3*s, -4*s - 3*w = -f. List the prime factors of a(s).
2, 5
Suppose 0 = 203*h - 178*h - 21200. List the prime factors of h.
2, 53
Let m be ((-2320)/56)/(-5) + 4/(-14). What are the prime factors of 4*(-2)/m + 787 - -2?
2, 197
What are the prime factors of (0 + -1306 + 0)/(-2*(-1)/(-25))?
5, 653
Let z(k) = k**3 - 6*k**2 - 9*k + 14. Let a be z(7). Suppose 2*g - 694 - 740 = 2*o, -3*g + 4*o + 2148 = a. List the prime factors of g.
2, 3, 5
Suppose -2*s + 3*j = -10 - 1, -3*s + 7 = 5*j. Suppose 5*q - s*q = -m + 818, -3*m + 5*q + 2454 = 0. What are the prime factors of m?
2, 409
Suppose 2*h = u - 6*u + 977, -u + 5*h + 190 = 0. Suppose -4*x - y = 14, -20*x + 25*x - 4*y + 28 = 0. Let v = u - x. List the prime factors of v.
199
Let b(m) = 10*m - 102. Let d be b(16). Suppose 0 = d*x - 66*x + 6800. What are the prime factors of x?
2, 5, 17
Let y(d) = 2*d**2 - 10*d + 28. Let h(r) = -r**3 + 20*r**2 + 20*r + 24. Let u be h(21). Suppose 11*k - u = 107. What are the prime factors of y(k)?
2
Let f(q) = 51*q**3 + 6*q**2 - 18*q + 60. What are the prime factors of f(7)?
3, 11, 179
Suppose 1634 = c - g + 374, 0 = -c + 3*g + 1250. List the prime factors of c.
5, 11, 23
Let s be 1 - (-28 + 0/(-5)). Suppose -s + 32 = v. Suppose -4*n - 3*j = -959, v*n + n - 953 = -5*j. What are the prime factors of n?
2, 11
Suppose 5*z + 19 = -4*k, -k - 5 = 2*z + 2. Let y(b) be the third derivative of -b**4/12 + 3*b**3 - 97*b**2. What are the prime factors of y(z)?
2, 3
Let k(i) = -736*i**3 + 78*i**2 - 4*i + 4. What are the prime factors of k(-4)?
2, 3, 29, 139
Suppose -43*t + 115744 = -11*t. What are the prime factors of t/15 + (-14)/105?
241
Let v = 874 - 225. Let p = v + -342. What are the prime factors of p?
307
Let f(y) = -y**2 - 223*y - 51. List the prime factors of f(-44).
5, 313
Let c(t) = 30*t**3 + t**2. Let i be c(-1). Let v(q) = -q**2 + 14*q + 196. Let u be v(21). Let z = i + u. List the prime factors of z.
2, 5
Let i(c) = 19*c - 148. Let z(q) = -q - 5. Let y(v) = i(v) + z(v). What are the prime factors of y(22)?
3
Suppose 211482 = 25*h - 373511 - 114132. List the prime factors of h.
5, 7, 17, 47
Let v(j) = -j - 1. Let s be v(-3). Suppose r - 1753 = 4*d, 0 = s*r - 0*r - 4*d - 3514. What are the prime factors of r?
3, 587
Suppose -142352 = 30530*i - 30544*i. What are the prime factors of i?
2, 31, 41
Let y(b) = 5*b + 7*b**2 - 2*b**2 + 7*b**2 - 4*b - 19. List the prime factors of y(7).
2, 3
Let t be (-89424)/(-128) - 3*2/(-16). Suppose 5*m - 503 = -2*b + 204, -5*m = 4*b - t. What are the prime factors of m?
11, 13
Let q(v) = 4*v - 10. Let o be q(4). Suppose o*h + 12 = 8*h. List the prime factors of ((-905)/(-15) - 2/h) + 1.
61
Suppose 64*v - 40*v = 34*v + 110. Let i(q) = q**2 + 2*q - 18. Let r(c) = c**2 + 3*c - 17. Let o(z) = 3*i(z) - 2*r(z). What are the prime factors of o(v)?
101
Suppose -142 = -4*l + 2*g, -2*l = 3*l - g - 170. What are the prime factors of l?
3, 11
Let h = -12593 - -22089. What are the prime factors of h?
2, 1187
Let z(j) = 6*j**2 + 9*j + 108. What are the prime factors of z(-18)?
2, 3, 5, 7
Let w(j) = -j - 8. Suppose -33 - 86 = 7*g. Let s be w(g). What are the prime factors of 6/s*(3 + (-678)/(-4))?
5, 23
Suppose 419575 = -139*c + 1661818. What are the prime factors of c?
3, 331
Suppose -2*m = -3 - 9. Suppose -m*c + 8 = -4*c. Suppose -4*y + 421 = 3*n, 3*y = c*n + n + 294. What are the prime factors of y?
103
Let r = 24262 + -14706. List the prime factors of r.
2, 2389
Let c(f) be the third derivative of 17*f**4/8 - 55*f**3/2 + 203*f**2. List the prime factors of c(22).
3, 11, 29
Let f(o) = -2*o**3 + 154*o**2 - 81*o + 346. List the prime factors of f(75).
31, 541
Suppose 455806 + 400814 = 4*s + 26*s. What are the prime factors of s?
2, 3, 4759
Suppose 13*o - 8*o = 90. Let j be -1*o/(-3)*1. What are the prime factors of (j/(-4))/(3/(-186))?
3, 31
Let w = 55 + -43. What are the prime factors of (1 + 3620/w)*6/4?
2, 227
Suppose 3*b + 33 = 6*n - 2*n, b + 5*n - 8 = 0. What are the prime factors of (-5)/(2/466*(b - -6))?
5, 233
Let h(k) be the second derivative of -43*k**4/4 - k**3/3 + k**2/2 + 6*k. Let c be h(1). Let x = 281 + c. What are the prime factors of x?
151
Let i = 338 - -10. Suppose 6*t - i = -0. Suppose t = 5*r - 82. What are the prime factors of r?
2, 7
Suppose -173*x - h = -177*x + 14813, 5*x - 18490 = -4*h. List the prime factors of x.
2, 3, 617
Suppose 0 = -17*g + 5601 - 4496. Let r(t) = t**3 - 5*t**2 - 6*t - 5. Let f be r(5). Let h = g - f. What are the prime factors of h?
2, 5
Suppose -17*s - 93 = -14*s. Let y(d) = -25*d + 195. List the prime factors of y(s).
2, 5, 97
Suppose 25 = 5*i, 3*i - 35 = -5*h - 2*i. Suppose -4*x + 2*x - 4*j = -730, h*x + 3*j = 726. What are the prime factors of x?
3, 7, 17
List the prime factors of (-702576)/(